 5*j - 3. Let t(p) = 25*p - 16. Let v(m) = -2*t(m) + 11*w(m). Give v(l).
-6
Let h(i) be the third derivative of i**4/24 - 5*i**2. What is h(-5)?
-5
Let d(q) = -q**3 + 2*q**2 + 24*q + 24*q - 49*q + 2. Determine d(2).
0
Let y(g) = g - 63 + 3*g**2 - 2*g**2 + 19*g**3 + 62. What is y(1)?
20
Let d(z) = 4*z - 3. Let h(b) = -5*b + 4. Let y(g) = 4*d(g) + 3*h(g). Suppose -4*v + 5*c + 5 = 0, -4 = -3*v - 0*v + 4*c. Suppose v = n - 2 - 1. Determine y(n).
3
Let x(q) = q**3 + 7*q**2 + q + 2. Let r be x(-7). Let y(m) be the first derivative of -7*m - 1/3*m**3 - 2 - 7/2*m**2. Give y(r).
3
Let h(o) = o**2 + 4 - 13 + 8 - o. Suppose 3*j - j = -4. Give h(j).
5
Let g(p) = p**3 - 8*p**2 + 9*p - 4. Let y be (-3 + (-60)/(-8))/((-9)/(-12)). Determine g(y).
-22
Let d(v) = 15*v**2 + v + 1. Suppose 9*y - 2*y = -7. Determine d(y).
15
Suppose 4*f - 4 = g + 4*g, -2*f = 4*g + 24. Let u(q) = q**2 + q + 3. What is u(f)?
15
Let r(a) = a**3 - 28*a**2 - 29*a + 1. Let h be r(29). Let q(g) = 5*g**3 + g**2. What is q(h)?
6
Suppose 0 = j - 2*j + 6. Let q = -4 + j. Let x(y) = 6*y**q - 6*y + y + 4*y. Calculate x(1).
5
Let f(c) = 2*c**3 + 2*c**2 + 1. Let p(g) = 1. Let h(u) = f(u) - 2*p(u). Suppose 0 = -6*n - 0 - 6. What is h(n)?
-1
Suppose 0 = l + 2*l - 3. Let s(u) be the first derivative of u**2/2 + u - 1. Calculate s(l).
2
Let h(f) = 2*f**3 - 5*f**2 - 7 + f - 4*f**3 + 2*f**3 + f**3. Calculate h(5).
-2
Let z be (4/6)/(4/(-12)). Let c = z - -3. Let t(f) be the third derivative of -f**6/15 + f**4/24 - f**3/6 - 5*f**2. Give t(c).
-8
Suppose 0 = 4*s - 2*c + 2, -5 = 4*s + c - 18. Let a(t) = t**3 - 3*t**2 + 2*t + 2. Give a(s).
2
Let x(d) = -d + 2. Let p be 0*(-2)/4 + 2. What is x(p)?
0
Suppose -2*u = -6*h + h - 4, -2*u + 4 = 3*h. Let y(o) = 1. Let n(g) = -g**3 + g**2 - 7. Let l(z) = -n(z) - 5*y(z). Determine l(h).
2
Let k(g) be the third derivative of 0*g - 3*g**2 + 0 - 1/12*g**4 - 1/6*g**3. What is k(1)?
-3
Suppose -j = -3 + 8. Let r(b) be the second derivative of 2*b**2 + 0 - 4*b + 1/6*b**3. Give r(j).
-1
Let b(k) = k**2 - k - 1. Let f = -16 + 16. What is b(f)?
-1
Let f(h) be the first derivative of -h**2/2 - 3*h + 1. Suppose 18*k = 17*k - 6. What is f(k)?
3
Let k = 0 - -2. Let h(r) = 0*r + r**2 + r**3 + 7*r - 2*r - 7*r**k. What is h(5)?
0
Suppose -i + 3*i = 0. Suppose i = 4*r + 2 - 6. Let u(w) = -11*w + 1. Give u(r).
-10
Let i(v) = v**2 - 5*v + 6. Let j(p) = -p**2 + 5*p - 6. Let x(a) = 2*a + 4. Let q be x(-4). Let n(s) = q*j(s) - 3*i(s). Suppose -2*o + 10 = 2. What is n(o)?
2
Suppose g + 6 - 1 = 3*m, -5 = 3*g + m. Let u(c) = c**2 - 1 + 2*c**3 - c**3 + 0*c**2 - 3*c. Determine u(g).
1
Let t = -4 + 7. Let b(n) be the second derivative of -n**3/2 + n**2 - 7*n. What is b(t)?
-7
Let p(m) = -7*m**3 + m**2 + m + 1. Let j be (-2)/3*(-6)/(-4). Calculate p(j).
8
Let m(g) = -4 + 10*g + 4*g + 2*g - 17*g. What is m(-7)?
3
Suppose -5*t + 1 - 26 = 0. Let a = t + 3. Let f(b) = 10*b**3 + 20*b**2 - b - 16. Let k(x) = -2*x**3 - 4*x**2 + 3. Let o(v) = 2*f(v) + 11*k(v). Give o(a).
5
Let d(a) be the first derivative of -3/2*a**2 - 1/4*a**4 + 4/3*a**3 + 0*a + 3. Determine d(3).
0
Let l(o) = -o + 1. Let h be 12/(-8) - 2/4. Determine l(h).
3
Let n be 8/(-36) - (-52)/(-9). Let s = n - -8. Suppose 3 = s*r - 3. Let t(p) = -p**2 + 3*p + 4. Give t(r).
4
Let t(h) be the first derivative of -h**2/2 - 3*h + 10. Give t(-8).
5
Let j(x) = 2 - 8 + 5*x**2 + 9 - 3*x. Determine j(2).
17
Let i(u) = u**2 + u. Let r(m) = -m**3 + 3*m**2 + 2*m - 3. Let k be r(3). Suppose 0*x = k*x - 3. Determine i(x).
2
Let d(x) = 1. Let f(m) = m. Let n(v) = -d(v) - 3*f(v). Let w be (1/(-5))/((-4)/20 - 0). Give n(w).
-4
Let k be 2/9 + (-132)/108. Let h(m) = 20*m. Calculate h(k).
-20
Let p(b) = b**2 - 8*b + 6. Let j be p(6). Let f = -7 - j. Let c(t) be the third derivative of t**6/120 - t**5/60 - t**4/24 - t**3/6 - 2*t**2. Calculate c(f).
-2
Let p(q) be the second derivative of -q + 0 + 1/20*q**5 + 0*q**2 + 0*q**3 + 0*q**4. Suppose -x - 5 = 0, -l - x - 3 = 2. Determine p(l).
0
Let n(i) = -2*i - 1. Let k(q) = -3*q + 2. Let a(c) = -3*c + 3. Let v(y) = 4*a(y) - 5*k(y). Let h(g) = -6*n(g) - 5*v(g). Give h(-3).
5
Suppose 5*q = -4 - 11. Let x(h) = -2*h**2 - 3*h. What is x(q)?
-9
Let w(g) = -g**3 - 3*g**2 - 2*g + 1. Let z be (-92)/(-69)*(-6)/4. Calculate w(z).
1
Let c(u) = -u**3 + 7*u**2 + 9*u - 1. Let n be c(8). Suppose -2*q - n + 3 = 0. Let b(d) = d**3 + 1. Determine b(q).
-7
Let q(g) = -2*g**2 + 12*g + 11. Let h be q(7). Let m(w) be the third derivative of w**5/30 + w**4/6 - w**3/6 + w**2. What is m(h)?
5
Let b(y) = -y**3 - 7*y**2 + 2 - 2 + 8 + 0 - 4*y. Determine b(-6).
-4
Let l be (-1)/(1/2) - -2. Suppose l = -4*r - 8, 2*r - 17 = -3*q + 6*r. Let o(y) = -8*y + 5*y + 0*y - 4 + y. Calculate o(q).
-10
Let q(t) = 2*t**3 + 4*t**2 + 4*t + 2. Let b be (-1)/((4/11)/(-4)). Suppose 0 = 5*h - 1 + b. Give q(h).
-6
Let b(v) be the second derivative of v**3/3 + 5*v. Calculate b(-1).
-2
Suppose 4*g + 15 = 2*y - y, 16 = -3*g - 4*y. Let v(j) = -2*j + 0*j + 4 + 65*j**3 - 202*j**3 - 5*j**2 + 64*j**3 + 72*j**3. Give v(g).
-4
Let p(h) = -h**2 + h + 4. Let s(r) = 2*r - 19. Let b be s(11). Determine p(b).
-2
Let f(m) = 9*m - 32. Let d(l) = -4*l + 16. Let s(v) = -7*d(v) - 3*f(v). Suppose 0 = -3*y - 4*n - 20, 2*y - n + 3*n = -10. What is s(y)?
-16
Let d be 11 - 3/6*-6. Suppose -r = 3*j + 4, 5*j - 2 = 4*r + d. Let w(k) = k**2 + 5*k + 3. What is w(r)?
-1
Let i(x) = -2*x**2 - x - 4. Let z(d) = -3*d**2 - 2*d - 9. Let o(u) = 9*i(u) - 4*z(u). Let q be o(-1). Let k(y) = y**2 + 5*y. Give k(q).
0
Let o = -16/23 + 983/1380. Let v(t) be the third derivative of o*t**5 + 0*t + 1/6*t**4 + 1/3*t**3 + 0 - 2*t**2. Calculate v(-3).
-1
Let r(k) = -k - 5. Let s(q) = -q**2 + 9*q + 7. Let y be s(9). Suppose 2*b + 5*d = -29, 5*d + 0*d = b + 7. Let c = b + y. Calculate r(c).
0
Let a(x) = -x**2 - 7*x - 4. Let y(d) = d**3 + 8*d**2 + 13*d - 1. Let f be y(-6). Calculate a(f).
-4
Suppose -d = -7 + 4. Let w be ((-4)/(-10))/(4/20). Let m(c) = c + 2*c - w*c - 2. Calculate m(d).
1
Let w(q) = -4*q**2 + 4*q - 2. Let l(x) = 2*x**2 - 2*x + 1. Let k(r) = -5*l(r) - 2*w(r). What is k(2)?
-5
Let z be 2/2*(-1 - -1). Let w = 1 - z. Let j(n) = 4 - 1 - n - 4. Give j(w).
-2
Suppose -28 = 75*g - 79*g. Let s(n) = -n**3 + 6*n**2 + 9*n - 9. Give s(g).
5
Let y(w) be the third derivative of -w**5/60 + w**4/4 - w**3/3 + w**2. Let t be 3*-5*(-6)/15. Calculate y(t).
-2
Let t = -41 - -35. Let k(z) = -z + 1. Determine k(t).
7
Let o(d) = -3*d**3 + 2*d**2 + 2*d + 1. Suppose -8 = -k + 5*k. What is o(k)?
29
Let t(a) be the third derivative of a**7/2520 + a**6/720 - a**5/120 - a**4/6 + 4*a**2. Let i(z) be the second derivative of t(z). Calculate i(-3).
5
Let m(h) be the first derivative of -h**3/3 + 2*h**2 + 4*h + 1. Suppose 0 = -4*k - 41 + 57. Calculate m(k).
4
Let x be (-12)/(-3 - 0) + -1. Let s(k) = 2*k**3 - k**3 + 4*k + 2 - 5*k**2 - 1. Calculate s(x).
-5
Let o(u) = 5 - 4 + 3*u + 0*u. Suppose -15 = 5*n + l, -3*l + 3 = -n - 0. What is o(n)?
-8
Let d = 13 + 2. Suppose -2*b = 3*b + d. Let p(i) = i**3 + 3*i**2 + 1. Determine p(b).
1
Let k = -1 + -2. Let f be k + 2/(-2) + 2. Let j(i) be the third derivative of -i**5/60 - i**4/8 - i**3/6 - 3*i**2. Give j(f).
1
Let m(a) be the first derivative of a**4/4 - 2*a**3 + 5*a**2/2 + a - 2. Suppose -33 = -5*o + 2*s, -5*s = -4*o + 12 + 28. Give m(o).
1
Suppose 3*g = 17 - 2. Let o(m) = -4*m**2 - 4*m + 2 - m**3 + g*m + 3 + 0. Give o(-4).
1
Suppose -4*w + 5*k = -0*k + 83, w + 2 = -5*k. Let s = 21 + w. Let g(p) = 3*p**2 + 3*p**3 + p + 5 - 4*p**3 + 0*p. Calculate g(s).
-7
Suppose 15 = 2*q + k + 1, -5*k = 5*q - 45. Let b(d) = d**3 - 5*d**2 + d + 1. Calculate b(q).
6
Let u(z) = 5*z**3 + 21*z**2 - 26*z - 15. Let n(h) = h**3 + 4*h**2 - 5*h - 3. Let v(s) = 11*n(s) - 2*u(s). Suppose -3 = -2*a + 3*a. Give v(a).
-3
Let y(a) = -a**3 - 4*a**2 + 2*a - 4. Let s(g) = g**3 - 7*g**2 + 4*g + 8. Let c be s(6). Let f be -1 + 5 + c + -4. Determine y(f).
-12
Let r(g) = 2 - 2 + g**3 - 2*g**2 - g. Let w(a) = a**2 - 2*a - 13. Let j be w(5). Calculate r(j).
-2
Let s(i) = i + 3. Let k be s(-7). Let q(o) = -3*o - 3. Determine q(k).
9
Let k be (-2 + 0)/(2/(-3)). Let y be (-1 + -3)/(0 + -2). Let v(i) = y*i - i - 3 + 0*i. What is v(k)?
0
Let o(d) = -d**3 - 5*d**2 + 5*d - 3. Let x be o(-6). Let s(j) = -2*j + 0*j - j**2 - 3*j - x. What